et u be g(4). Let s be u/1*0/(-3 - -5). Suppose -8*p + 5*p + 663 = s. What are the prime factors of p?
13, 17
Let u(a) = a**2 + a + 4. Let g(b) = b**3 - 5*b**2 + 2*b - 1. Let d be g(4). Let j be 3 + 12/3 + d/3. List the prime factors of u(j).
2, 3
Let u = -49 + 54. Suppose z - 1 = -2, u*z = -4*c + 7. Suppose 3*l - 519 = c*a, -a = l - 6*l + 853. What are the prime factors of l?
2, 5, 17
Let v(a) be the third derivative of 373*a**4/12 - 5*a**3/6 + 47*a**2 + 2*a. What are the prime factors of v(1)?
3, 13, 19
Let z(d) = -12*d + 19*d + d**2 + 54 + 0*d**2 - 8*d. What are the prime factors of z(-18)?
2, 3, 11
Let y = 18672 - 10017. List the prime factors of y.
3, 5, 577
Suppose 0 = -2*q + 5*m + 49515, 145717 + 27566 = 7*q + 2*m. What are the prime factors of q?
5, 4951
Let z(n) be the third derivative of -16*n**2 + 1/15*n**5 + 0 + 1/120*n**6 - 5/3*n**3 + 0*n - 1/3*n**4. List the prime factors of z(-5).
5
Let k(l) = -13*l - 71. Let s be k(27). Let u = s - -994. What are the prime factors of u?
2, 11, 13
Let z(a) be the third derivative of a**4/3 + 25*a**3/6 + 24*a**2. Suppose -5*t + 6*i - i = -40, -5*i - 18 = -3*t. What are the prime factors of z(t)?
113
Let c(q) = -17*q + 42. Let v = -42 + 48. Let d be c(v). Let a = 77 + d. List the prime factors of a.
17
Let g(h) be the third derivative of 0 + 2/3*h**3 + 13/24*h**4 + 0*h - 8*h**2. List the prime factors of g(5).
3, 23
Suppose -c = 4*m - 135104, -33793 = -m + 17*c - 13*c. What are the prime factors of m?
3, 139
Let c = 11 + -7. Suppose 2*u - 5*q - 15 = 0, -2*u - 3*q = -25 + 2. Let f = c + u. What are the prime factors of f?
2, 7
Let s be ((-7)/2 + 2)*204. Let z = s + 536. Suppose 0 = -5*a - 3*d + 398, -3*a + z = 2*d + 2*d. What are the prime factors of a?
2, 41
Suppose 0 = -10*i - 799 - 401. Let d be (-2)/((-4)/(-30))*i/36. Suppose 94 = b - k, d + 40 = b - 5*k. What are the prime factors of b?
5, 19
Suppose -h + 25575 = 3*f, -31*f + 35*f = -2*h + 34102. What are the prime factors of f?
2, 2131
Suppose 7*v = 2*v + 15, -4*x = -5*v - 21. Let q = x - 17. List the prime factors of (4 + q)*47/(-4).
47
Let d be 449 - (-7)/(21/9). Let s = 1052 - d. What are the prime factors of 3 - (s/35)/(2/(-14))?
3, 41
Let l be (708/(-15) + -4)*(-30)/4. What are the prime factors of (4 + -3)/((-2)/(-1*l))?
2, 3
Let x(p) = -p**3 + 22*p**2 + 49*p + 188. What are the prime factors of x(-29)?
2, 3, 53, 131
Suppose 4*j = 6*j - 1882. Let v = j + -64. List the prime factors of v.
877
Let g be ((-15)/10)/(3/((-18)/3)). Suppose 252 = g*c + 3*t - 927, -c + t + 401 = 0. List the prime factors of c.
397
Suppose 19*j = -5*k + 16*j + 63709, -k - j = -12743. What are the prime factors of k?
2, 5, 7, 13
Let p be (-75)/(-30) + 6/(-4). What are the prime factors of (-981)/(-18)*(p + 5)?
3, 109
Let k = -51 - -54. Suppose -5*b + k*b + 6 = 0. Suppose -b*q = 3, 3*t + 7*q - 2*q = 397. What are the prime factors of t?
2, 67
Let t = -68378 + 132942. What are the prime factors of t?
2, 16141
Suppose -23*t - 9585 = -32*t. Suppose 0 = -3*l - 3*c + t, c + 1247 = 5*l - 546. What are the prime factors of l?
2, 179
Suppose v + 3 + 1 = 0. Let x be 1058 - (40/(-5))/v. Suppose x = -4*t + 16*t. List the prime factors of t.
2, 11
Let r = 347 - 238. Suppose -3*g = -h - r - 576, -3*h = -15. Suppose -q + 76 = y - 0*y, 3*y - g = -q. What are the prime factors of y?
7, 11
Suppose -3*f = -14*f. List the prime factors of (f - -3) + (4 + 0 - -596).
3, 67
What are the prime factors of 32/32*(-4 + 7602)?
2, 29, 131
Let c(f) = -45*f + 2. Let w be c(-1). Suppose 2*k + 137 = -w. Let x = -64 - k. List the prime factors of x.
2, 7
Let h = 59 - 22. Let f = h - 35. Suppose -3*j + 3*c = -8*j + 159, -f*j - 4*c = -72. What are the prime factors of j?
2, 3, 5
Let f = 81 + -85. Let s be 7 - 5 - (-3)/((-6)/f). Suppose -2*c - 173 = 2*d - 3*d, -4*c = -s*d + 680. List the prime factors of d.
167
Suppose -8*i = -i + 35. Suppose -9*k + 358 = -56. Let a = k + i. What are the prime factors of a?
41
Let x be (-122)/183*(2 + -4*8). Let f = 4 + -15. Let t = f + x. What are the prime factors of t?
3
Suppose 0 = -a + 3, t - 20 - 473 = -2*a. Suppose -f + t = -12*k + 7*k, 2 = -k. List the prime factors of f.
3, 53
Suppose -5796 + 14858 = 8*g - 18618. What are the prime factors of g?
2, 5, 173
Let z(v) be the third derivative of 1/60*v**5 - 1/6*v**4 + 0*v - 5*v**2 + 0 - 3/2*v**3. What are the prime factors of z(8)?
23
Let u = -533 - -530. Let j(b) = -33*b**3 - 2*b + 18. List the prime factors of j(u).
3, 5, 61
Let f = -242 - -399. Suppose -3*n + n + i = -f, 4*i - 208 = -3*n. List the prime factors of n.
2, 19
Let q(c) = 2*c - 45. Let d(v) = -v + 23. Let z(g) = 7*d(g) + 3*q(g). Suppose -3*u - 49 = -4*j + 2*u, -j = -5*u - 31. What are the prime factors of z(j)?
2, 5
Suppose 7*j - 99 = 237. Suppose 9*t + j - 255 = 0. Suppose 21*z + 616 = t*z. What are the prime factors of z?
2, 7, 11
Suppose 173*g = 1481051 + 438038. What are the prime factors of g?
11093
Let a(t) = -4*t. Let w be a(13). Suppose -6*h = -503 + 179. Let v = h + w. What are the prime factors of v?
2
Suppose -3*y = -5*s + 1, -s + 2*y - 7 = -3. What are the prime factors of (-65568)/(-64) - (s - (-2)/(-4))?
3, 11, 31
Let d(i) = i**3 + 7*i**2 + 7*i + 5. Let s be d(-4). Suppose -5*l + 0 = -s. Let y(f) = 6*f - 19. List the prime factors of y(l).
11
Suppose 2*k - 21038 = -4*m, 9*k + 2*m - 42076 = 5*k. List the prime factors of k.
67, 157
Let q = 26403 - 14833. List the prime factors of q.
2, 5, 13, 89
Let a(d) = -83*d + 2564. What are the prime factors of a(22)?
2, 3, 41
Let r(q) = -3*q + 9. Let p be r(-2). Let y = p + 225. List the prime factors of y.
2, 3, 5
Let u = -80 + 231. Suppose a = 156 - u. Suppose 0 = 5*t + 3*q - 37, 2*q = -a*t + 3*q + 41. What are the prime factors of t?
2
Let f be 679/(-5)*(-175)/35. Let p = -239 + f. What are the prime factors of p?
2, 5, 11
Let y = -28 - -12. Let m = y - -2. Let s = 27 - m. List the prime factors of s.
41
Let a(l) be the third derivative of l**8/6720 - l**7/840 - l**6/72 - l**5/5 + 5*l**2. Let r(c) be the third derivative of a(c). List the prime factors of r(-5).
5, 19
Let h(k) = k**3 + 26*k**2 - 409*k - 84. What are the prime factors of h(-28)?
2, 5, 7
Let w = 140 - 127. Suppose -16*y + 1128 = -w*y. What are the prime factors of y?
2, 47
Suppose 172*z - i - 4672 = 170*z, i = z - 2337. List the prime factors of z.
5, 467
Let o(z) = -20*z - 42. Let n be o(-5). Let p be (n/(-8))/((-3)/120). Let m = 467 - p. What are the prime factors of m?
3, 59
Suppose w + 21 = -5*r - 98, -3*w = 2*r + 292. Let u = -115 - w. List the prime factors of (-5524)/(-28) - (78/u - -4).
197
Let w = 26 + -22. Suppose -61 - 175 = w*j. What are the prime factors of -3 + (-4 - j) - 2?
2, 5
Let o(d) = 140*d**3 + 4*d**2 - 7*d + 4. Let p(r) = 279*r**3 + 7*r**2 - 13*r + 6. Let t(b) = 5*o(b) - 3*p(b). List the prime factors of t(-2).
2, 3, 181
Let d be (-6)/8 + 14685/(-132). List the prime factors of (-7496)/(-14) - (-48)/d.
5, 107
Suppose u = -5*d + 4*u + 157189, -31437 = -d + u. What are the prime factors of d?
149, 211
Let p be 2/(2*(9852/(-3282) - -3)). List the prime factors of -6 - -1 - (p + 12).
2, 5, 53
Let z(n) be the third derivative of n**5/20 + n**4/12 - 5*n**3/2 - 2*n**2 - 18*n. Let j be (-6 + -3)*(-4)/(-6). What are the prime factors of z(j)?
3
Let d(c) = 23*c**2 + c**3 + 3 + 2 - 1 + 1. Let m be d(-23). Suppose r - m*r = -2*h - 490, 3*h = 2*r - 235. What are the prime factors of r?
5
Suppose -79973 = -36*w + 122131. What are the prime factors of w?
2, 7, 401
List the prime factors of (-4)/((-6)/42 + 12/(-124796)*-1481).
2, 4457
Let x = 1002 - -1754. What are the prime factors of x?
2, 13, 53
List the prime factors of -88 + 78 - (-6643 - 0).
3, 11, 67
Suppose -10*x + 4*y = -14*x, -36 = -4*x + 5*y. Suppose -15*p = -x*p - 7788. List the prime factors of p.
2, 3, 59
Let s be (-2)/(-7) + (-36)/28 - -14. Suppose -11*y + 16 = -s*y. List the prime factors of (-2 - 12/y)*-56.
2, 7
Suppose 5*b + 3423 = 3*j - 6092, 4*j - 12700 = 4*b. Suppose 5*m - j = 5*a, 0*m - 5*a = 2*m - 1293. What are the prime factors of m?
3, 71
Let j(b) = -28*b + 28. Let h be j(-11). Let i = 646 - h. Let q = -151 + i. List the prime factors of q.
3, 53
Let v = -52 - -60. Suppose v*t - 21 = 5*t. Suppose -9*z + t*z + 404 = 0. List the prime factors 